 be m(1). What are the prime factors of ((-112)/10)/(1/i) - -1?
113
Let b(a) = 3*a**2 + 3*a + 5. Let u be b(4). Let v be 5/(-4) + u/20. List the prime factors of (48/(-14))/v*(-91)/2.
2, 3, 13
Suppose 4*s + 19947 = 3*d - 175885, -5*s + 10 = 0. What are the prime factors of d?
2, 3, 5, 17
Suppose -62*y - 157*y + 270033 = -84309. What are the prime factors of y?
2, 809
Let i(z) = -20*z - 181. Let j be i(-10). Suppose 0 = 3*v + 10 - j, -3*q = 4*v - 576. What are the prime factors of q?
2, 47
Let a(p) = -2*p**2 + 15*p + 3. Let x be a(8). Let t be (x/10 - 6/4) + 29. Suppose 3*w - 35 = -c + t, -w = 4*c - 6. List the prime factors of w.
2, 11
Suppose 2*a - 4782 = -5*w, -a = 4*w - 4031 + 206. List the prime factors of w.
2, 239
Suppose 5*q + 2*s - 8404 = 0, 2*s - 7*s = -10. Let j = q + -951. What are the prime factors of j?
3
Let t = -41 - -33. Let h(i) = i**2 + 2*i + 12. Let b be h(t). Let p = b + 79. List the prime factors of p.
139
Suppose 0 = -5*l + 4*h - 569, 4*l + 182 = 3*h - 274. Let g = 321 + l. Suppose 2*k + g = 3*z + k, 64 = z + k. What are the prime factors of z?
67
Let x = -3258 + 6431. What are the prime factors of x?
19, 167
Let h(q) = -962*q**3 + 124*q**2 + 367*q + 14. What are the prime factors of h(-3)?
26003
Suppose -18 = -s - 15, -87657 = -3*w + 3*s. What are the prime factors of w?
2, 19, 769
What are the prime factors of (-15)/(-105) + 10/(-21) - (-3095534)/78?
2, 19843
List the prime factors of ((-364)/56 - -7)/(((-1)/(-1594))/1).
797
Let s be (1 + -5)*(5/(-10))/(-1). What are the prime factors of -4 + 1/(s/(-248)*1)?
2, 3, 5
Let v be (-3 - 5065)*1/(-2) + 2. Suppose 56*c - v = 52*c. What are the prime factors of c?
2, 317
Suppose 11*j + 48513 = 4*q + 8*j, 5*j = 5*q - 60650. List the prime factors of q.
3, 449
Let z(v) = 18*v - 57. Let f be z(3). List the prime factors of (17/7 + f)*7532/(-8).
2, 269
Let y(g) = 2333*g + 2554. What are the prime factors of y(5)?
59, 241
Suppose 3*x - 387 = 54. Let q = x - 70. List the prime factors of q.
7, 11
Suppose -x = -9 - 4. Suppose -34*a - 40 = -29*a. Let z = x + a. What are the prime factors of z?
5
Suppose -16*c - 54237 = -221613. List the prime factors of c.
3, 11, 317
Let k(s) = -598*s + 373. List the prime factors of k(-7).
47, 97
Suppose 4*w - 28162 = -4*t - 354, 6962 = w - t. What are the prime factors of w?
3, 773
Let v(b) = -34*b + 416. Suppose -29 + 79 = 5*c. List the prime factors of v(c).
2, 19
What are the prime factors of 17817*(((-660)/9)/10 + 8)?
2, 5939
Suppose o + 4*k + 8473 = 24606, 0 = 5*o - 2*k - 80841. What are the prime factors of o?
5, 53, 61
Let q = 936 + -581. Let r(h) = 328*h + 1 - q*h + 3. List the prime factors of r(-2).
2, 29
Let z(r) be the second derivative of 0 + 5/2*r**3 - 21*r - 33/2*r**2. What are the prime factors of z(8)?
3, 29
Let a be -15*(84/20 - 4) - -7. Let p be (-3)/2*22/(-3). Suppose -6*l + 2*l + 36 = -a*d, l = 2*d + p. List the prime factors of l.
7
Suppose -67886 + 13975 = -3*u + 2531. What are the prime factors of u?
2, 23, 409
Let u = 3 + 12. Let w be 5844/u - (-18)/(-30). Suppose 3*s - 279 = 5*x, 0 = 2*s + 2*s - x - w. What are the prime factors of s?
2, 7
Suppose -b + 4*y + 12 = 0, b = -2*b + 4*y + 52. Suppose 5*f = -b, 2*l + 712 = 4*l + 2*f. List the prime factors of l.
2, 3, 5
Let f(r) = 30*r**2 - 8*r + 36. Let l be f(5). Suppose l = 3*v + 11. List the prime factors of v.
5, 7
Suppose 67029 + 76415 = 7*b. List the prime factors of b.
2, 47, 109
Suppose -5*h + 25 = 4*i, 4 = 5*i + 3*h - 11. Suppose -2*m - 2*m = -2*g - 306, -g + 3*m - 157 = i. Let b = g - -212. List the prime factors of b.
67
Suppose -4*d + 3*h + 2376 = 7*h, -5*d + 2952 = -4*h. List the prime factors of d.
2, 37
Let d(z) = 1054*z**2 - 354*z + 15. What are the prime factors of d(-6)?
3, 31, 431
Let g(b) = b**2 - 13*b - 25. Let h be g(19). Suppose 3*j + 2*r - 641 = -2*r, j = -2*r + 217. Let y = j - h. What are the prime factors of y?
2, 59
Let v(s) = 62*s - 68. Let l(a) = -63*a + 68. Let d(w) = 3*l(w) + 4*v(w). List the prime factors of d(8).
2, 101
Let p = -167 + 174. Let i(d) = 33*d + 50. List the prime factors of i(p).
281
Let s = -4339 + 16092. List the prime factors of s.
7, 23, 73
Suppose 64 + 128 = 12*g. Let l(m) = -m**2 + 17*m - 10. Let h be l(g). Suppose 70 = h*b - 74. List the prime factors of b.
2, 3
Let y = 70 - 71. List the prime factors of (1 + -28)*(-215)/(-5)*y.
3, 43
Let s be 1/((10/1828)/5). Suppose s + 580 = 3*v. List the prime factors of v.
2, 3, 83
Let m(z) = 1812*z**2 + 31*z + 53. List the prime factors of m(-2).
3, 19, 127
Suppose -1096560 = -38*i - 27*i - 55*i. What are the prime factors of i?
2, 3, 1523
Let s be (8 - (-315)/10)/(2/(-12)). Let i = 425 + s. List the prime factors of i.
2, 47
Suppose 2448 = 15*c + 9*c. Suppose -101*f = -c*f + 168. List the prime factors of f.
2, 3, 7
Suppose 7*f + 73 = 395. Let q = -44 + f. Let a(z) = 7*z**2 + z + 1. List the prime factors of a(q).
31
Let w = 25266 + -17312. List the prime factors of w.
2, 41, 97
Let s(t) = 3411*t**2 - t. Let c be s(1). Suppose h - 12*h = -c. List the prime factors of h.
2, 5, 31
Let a(o) = -6*o - 18. Let t be a(-15). Suppose 4*z + 264 + t = 4*v, -96 = -v - 2*z. List the prime factors of v.
2, 11
Let d(w) = w**3 - 6*w**2 - w - 38. Let h be d(7). Suppose 0 = -h*o - l + 1624 - 296, 4*l = -o + 332. List the prime factors of o.
2, 83
Suppose 1506 = 7*j - 5508. Let q = j + -668. What are the prime factors of q?
2, 167
Let h = 8049 + 1344. What are the prime factors of h?
3, 31, 101
Suppose -103*y = -147*y - 474*y + 32795616. List the prime factors of y.
2, 3, 1319
Let z = 69071 - 34281. What are the prime factors of z?
2, 5, 7, 71
Suppose 0 = -16*l - 26*l + 115458. What are the prime factors of l?
2749
Let u(t) = 82*t**2 - 11*t - 10. Let a be u(6). Suppose q = 3*q - x - a, -5*x - 2892 = -2*q. List the prime factors of q.
2, 359
Let d be 8/24 - 10/(-6). List the prime factors of (145 + d - -5) + 2.
2, 7, 11
Suppose -61*a - 171122 = -78*a. What are the prime factors of a?
2, 7, 719
Let r(j) = -9*j**2 - 5*j + 476. Let c(f) = -4*f**2 - 3*f + 239. Let m(i) = 5*c(i) - 2*r(i). What are the prime factors of m(0)?
3
Suppose -u - 9677 = 3*q, -u = -5*q - 3*u - 16128. What are the prime factors of 2/(q/(-1074) + -3)?
3, 179
Let t(q) = 9*q - 34. Let l(g) = g**3 - 17*g**2 + 31*g - 11. Let x be l(15). Let m be t(x). Suppose m*z + 14 = 32. What are the prime factors of z?
3
Suppose 5*u = -3*v + 16, -2*v = v - 4*u + 2. Suppose -v*m + 22 = 6. Suppose -1122 = -3*w - m*w. What are the prime factors of w?
2, 3, 17
Let g(q) = -8*q + 52. Let n be g(6). Suppose 6 = n*b - 2*a, -b + 2*a = b. Suppose 0 = 6*d - b*d - 450. List the prime factors of d.
2, 3, 5
Let n = 286 - 293. Let j(v) = 14*v**2 + 8*v - 6. List the prime factors of j(n).
2, 3, 13
Let c be (420/8)/7*4. Let z = c - 30. Suppose -l - 2*y + 64 = 0, z = 5*l - 4*y - 251 - 83. What are the prime factors of l?
2, 3, 11
Let r(v) = v**2 + 2*v + 1. Let m be r(-1). Suppose -z - 1 = m, 5*l + 3*z = 2*l - 3. List the prime factors of (17 - -16) + l + -3.
2, 3, 5
Let z = 15325 - 6386. What are the prime factors of z?
7, 1277
Let o(n) = -55*n - 97. Let s be o(-17). Suppose y - s = 2*f, 0*y + 1703 = 2*y + 5*f. List the prime factors of y.
2, 211
Let g = 16609 - 9262. What are the prime factors of g?
3, 31, 79
List the prime factors of 1636*((-10)/((-20)/(-18)) - -15).
2, 3, 409
Suppose h + i = 6*i + 289, 0 = -2*i + 2. Suppose 890 - 154 = 92*x. Suppose 346 + h = x*a. What are the prime factors of a?
2, 5
Let j = -13 - -6. Let r be (j/28)/(2/(-104)). Let k(t) = 6*t - 44. What are the prime factors of k(r)?
2, 17
Let b = 15100 - 14441. List the prime factors of b.
659
Let o = 74 + -70. Let p(r) = 13*r**2 + 4*r - 2. What are the prime factors of p(o)?
2, 3, 37
Let w(t) = 19*t**2 + 107*t + 32. List the prime factors of w(13).
2, 7, 331
Suppose 4*d - 1678 = -2*o + 2*d, 4*d + 3396 = 4*o. Suppose x - o = -4*t, 43*t - 42*t + 1 = 0. What are the prime factors of x?
2, 53
Suppose 8*x - 10 - 14 = 0. Suppose 0 = -3*y - x*h + 36, -2*y = -0*h - 2*h - 24. Suppose -i = -0 - y. List the prime factors of i.
2, 3
Suppose 97 = -2*a + 5*a - 5*s, 2*s + 10 = 0. Suppose -u - a = 5*u. List the prime factors of u/14 - 7/((-147)/1497).
71
Let y be (-2)/((-4)/1) - (-95)/(-10). List the prime facto